r when 18 is divided by o(1).
4
Suppose 4*c - 12 = 0, -3*v - c + 54 = 4*c. Calculate the remainder when 49 is divided by v.
10
Let f be 5 + -1 + -1 + 1. Let a(s) = 5*s**2 - 9. Let p(g) = 9*g**2 - g - 17. Let d(b) = 7*a(b) - 4*p(b). What is the remainder when 14 is divided by d(f)?
4
Suppose 3*y - 3*b = 8 + 4, -4*y + 12 = -2*b. Suppose -3*t = -5*l - 28, 0*t - 2 = -t - 2*l. What is the remainder when t is divided by y?
0
Let s(y) = -y + 4. Let g be s(3). Calculate the remainder when 35 is divided by (-37)/(-3) - g/3.
11
Let m(z) = -6*z - 3. Calculate the remainder when 42 is divided by m(-3).
12
Calculate the remainder when 23 is divided by 4*-2*6/(-8).
5
Let s(i) = -i**2 - 7*i + 5. Suppose 4*c + 279 = -633. What is the remainder when 2/(-4) - c/8 is divided by s(-5)?
13
Let b = -9 - -13. Suppose -30 = -b*l + 2*l. What is the remainder when 43 is divided by l?
13
Let m(k) = k**3 + 14*k**2 + 15*k - 6. What is the remainder when m(-12) is divided by 21?
18
Let c = 56 + -35. Let m = c + -17. What is the remainder when 15 is divided by m?
3
Suppose 0 = -3*z + 2*z - 23. Let s = z - -36. Calculate the remainder when s is divided by 7.
6
Suppose -136 = -7*s + 11. What is the remainder when 251 is divided by s?
20
Let j be 6/12 + (-6)/(-4). Let t = 15 + -7. Calculate the remainder when (-11)/j*(2 + -6) is divided by t.
6
Let c = 9 + -2. Calculate the remainder when 19 is divided by c.
5
Let y = -7 + 10. Let k(u) = -u + 1. Let r be k(1). Suppose r = -5*c - 5*x + 30, -c - 3*x + 5 = -x. Calculate the remainder when c is divided by y.
1
Suppose 4*g + 29 + 37 = j, 5*g = 0. Suppose -6*t + j = -3*t. What is the remainder when t is divided by 8?
6
Let z = 10 + 20. Calculate the remainder when 17 is divided by z/(-12)*(0 - 2).
2
Let c be 39/6 + (-2)/4. Suppose -c*t = -t + 5*n - 180, 3*n = t - 32. What is the remainder when t is divided by 12?
11
Suppose 2*j - 6*j + 12 = 0, -4*v + 16 = 4*j. Let m = v - -8. Suppose -n = -2*l + 46, 2*l + 3*l - 141 = -4*n. What is the remainder when l is divided by m?
7
Let w be (18/(-7))/((-8)/168). Suppose d + 4*d + 3*r - 101 = 0, 3*d = -4*r + w. Calculate the remainder when 65 is divided by d.
21
Suppose -3*h = 2*h - 65. What is the remainder when h is divided by 7?
6
Suppose -3*q = -4*i + 2*i - 16, -3*i = 3*q - 6. What is the remainder when q is divided by 2?
0
Let w = -4 - -6. Suppose -z = w*z + 4*t, z + 2*t = 0. Suppose -4*k = -z*k - 220. What is the remainder when k is divided by 14?
13
Let n be (-7)/28 + 86/(-8). Let d = 26 - n. Calculate the remainder when d is divided by 13.
11
Suppose 5*j = u + 46, -2*u = -2*j - u + 16. Suppose 5*p - j = -5. What is the remainder when (1/p)/((-1)/(-29)) is divided by 10?
9
Suppose 90 = -13*b + 19*b. Suppose -46 = -5*o - 16. Calculate the remainder when b is divided by o.
3
Let n(h) = h + 5. Calculate the remainder when 58 is divided by n(16).
16
Suppose -q + 30 = -3. What is the remainder when q is divided by 18?
15
Suppose -7*t + 5*t + 204 = 0. Suppose -8 = 2*g, g + 106 = 3*s + 24. Calculate the remainder when t is divided by s.
24
Let m(y) be the second derivative of y**3/2 + 3*y**2/2 + 2*y. Suppose 7*j - 2*j - 170 = 0. What is the remainder when j is divided by m(5)?
16
Let c(z) = 2*z**2 - 6*z + 3. Let b(d) = 13*d + 3. Calculate the remainder when b(3) is divided by c(4).
9
Let w be (-4)/6 - 103/3. Let a = -21 - w. Let p(t) = 5*t**2 - 3*t + 5. What is the remainder when p(3) is divided by a?
13
Let g = -2 + 12. What is the remainder when 46 is divided by g?
6
Suppose -f + 3*f - 32 = 0. Suppose 37 = 4*l - 107. Suppose -2*u = -2*a + 56, 2*a - 4*u - 14 = l. Calculate the remainder when a is divided by f.
15
Suppose -5*m + 8 + 2 = 0. Suppose -m*r + 6*r = 92. Calculate the remainder when 66 is divided by r.
20
Let n(m) = m**3 - 2*m**2 - 6*m - 4. Let l be n(5). Suppose -5*h + 276 = l. Calculate the remainder when h is divided by 16.
15
Let r(g) = -g**2 + 6*g + 2. Let t = -7 + 13. Let y be r(t). Suppose -60 = -4*h - 2*p, 3*h - 3*p - 50 = -y*p. Calculate the remainder when 45 is divided by h.
13
Let l(f) = -f**2 - 8*f + 3. Calculate the remainder when l(-6) is divided by 6.
3
Let y = 17 - 7. Let d be 3*((-52)/6 - -2). Let c = d + 39. What is the remainder when c is divided by y?
9
Let q(m) = -m + 2. What is the remainder when 14 is divided by q(-2)?
2
Let f(h) = -3*h - 4. Calculate the remainder when 9 is divided by f(-2).
1
Suppose 5*j - 2*m = 45, j - 2 = 2*m + 15. Calculate the remainder when 34 is divided by j.
6
Let p(t) = 11*t - 4. Let w be p(-5). Let o = w - -194. Suppose -35 = 5*c - o. What is the remainder when 39 is divided by c?
19
Calculate the remainder when -1 - (0 + -2)*19 is divided by 13.
11
Let j = -137 + 210. Calculate the remainder when j is divided by 19.
16
Suppose 0*d + 86 = d. Suppose 6*r - 127 = 5. Calculate the remainder when d is divided by r.
20
Suppose 4*r + 8 = -0*r. Calculate the remainder when 62 is divided by 1/r - 129/(-6).
20
Let u(c) = 6*c**2 - c**2 - 7 + 6*c - 4*c**2. Calculate the remainder when u(-9) is divided by 11.
9
Suppose -3*d + 5*p = -49, d - 2*p - 12 = 6. Let w = 1 + -6. Let u = w + 10. Calculate the remainder when d is divided by u.
3
Suppose -3 = 3*w - 0. Let g be w/(1/24) - -1. Let v = g - -34. Calculate the remainder when v is divided by 4.
3
Suppose -4*f + 9 = 1, -j + f + 11 = 0. Suppose 3*v = -4*p + 25, p + 0*p - 4*v + 8 = 0. What is the remainder when j is divided by p?
1
Let x = 44 + -19. What is the remainder when 74 is divided by x?
24
What is the remainder when 14 is divided by 48/30 - 4/(-10)?
0
What is the remainder when (0 - 164)*2/(-8) is divided by 21?
20
Let y be (18/3)/((-6)/(-20)). Suppose -2*s - y = -6*s. Suppose -l - 2*l + 205 = s*a, 5*a = 4*l + 170. What is the remainder when a is divided by 13?
12
Suppose 104*n - 100*n = 12. What is the remainder when (2 - (2 + -8))/1 is divided by n?
2
Let l = 28 + -8. Let f = 21 - -18. What is the remainder when f is divided by l?
19
Suppose 2*s + 16 = 6*s. Let a(h) = 2*h**2 - 4*h + 1. Let f = -47 - -96. What is the remainder when f is divided by a(s)?
15
Let l(f) = -f**3 - 5*f**2 + f - 7. Let r = 12 + 14. Calculate the remainder when l(-6) is divided by (r/(-14) - -1)*-14.
11
Suppose 0*m = -2*m + 52. What is the remainder when 50 is divided by m?
24
Let t = -18 - -46. Calculate the remainder when 27 is divided by (-3)/(50/t + -2).
13
Let v(a) = 6*a - 2. Let n(m) = -23*m + 7. Let s(b) = 6*n(b) + 22*v(b). Let c = 1 + 8. What is the remainder when s(-3) is divided by c?
7
Suppose 0 = m + 3 - 24. Calculate the remainder when m is divided by 11.
10
Suppose 4*l + 36 = 8*l. Suppose 3*q - 2*q = 33. Calculate the remainder when q is divided by l.
6
Calculate the remainder when 79 is divided by (-2)/6 + 610/30.
19
Suppose 6*g - g = -v - 60, 4*g - 2*v + 34 = 0. Calculate the remainder when 568/22 + (-2)/g is divided by 14.
12
Let j be -8*50/(-16)*6. Suppose 4*d = d + j. Calculate the remainder when d is divided by 17.
16
Suppose l - 2*t - 19 = 2*t, 33 = 3*l - 4*t. Calculate the remainder when 32 is divided by l.
4
Let f = -54 + 64. Calculate the remainder when 25 is divided by f.
5
Let d be (-2)/3*3/(-1). Let z(a) = 0*a**2 - 2*a + 0*a - 3 + 4*a**2 + d*a**2. What is the remainder when z(-2) is divided by 9?
7
Let w be (-225)/21 + (-4)/14. Let t = 2 - w. Let f(g) = -7*g**3 - g**2 + g - 1. Calculate the remainder when f(-2) is divided by t.
10
Let w = -11 + 16. What is the remainder when w is divided by 2?
1
Let j(r) = -r**3 - 16*r**2 - 2*r - 24. What is the remainder when 0/(-2) - (-15 + 1) is divided by j(-16)?
6
Suppose -2*g + 8 + 24 = 0. Suppose g - 46 = -3*w. What is the remainder when 27 is divided by w?
7
Let g(b) = 47*b**2 + 4*b + 3. Let q(y) = 93*y**2 + 9*y + 7. Let c(u) = 5*g(u) - 2*q(u). What is the remainder when c(-1) is divided by 17?
14
Suppose 3*o = -3*i + 42, -4*i + 3*o + 60 = -i. What is the remainder when i is divided by 10?
7
Let i be (-2 + -1)/(2 - 3). Suppose 0 = 3*k + 5*v - 35, i*v - 16 = -v. Suppose -3*j + k = -34. What is the remainder when 25 is divided by j?
12
Suppose 3*d = -i + 59, 6*i - i = 3*d - 29. Suppose 54 = b - s, 3*b - 44 = -2*s + 108. Calculate the remainder when b is divided by d.
16
Let u(v) = -13*v - 6. What is the remainder when u(-4) is divided by 12?
10
L